{"id":53,"date":"2024-04-27T19:39:26","date_gmt":"2024-04-27T17:39:26","guid":{"rendered":"https:\/\/kuskuej.cluster023.hosting.ovh.net\/?page_id=53"},"modified":"2024-10-21T14:41:29","modified_gmt":"2024-10-21T12:41:29","slug":"lassociation","status":"publish","type":"page","link":"https:\/\/kusku.eu\/index.php\/lassociation\/","title":{"rendered":"L&rsquo;Association"},"content":{"rendered":"\n<p>Elle a \u00e9t\u00e9 cr\u00e9\u00e9e en 2021. Elle comptait initialement 12 membres. <\/p>\n\n\n\n<p>Kusku est une association qui entre dans le cadre des associations loi 1901, \u00e0 but non lucratif. <\/p>\n\n\n\n<p>Elle a pour objet la mise en place puis la gestion d\u2019un \u00e9tablissement de soins m\u00e9dicaux et de r\u00e9adaptation p\u00e9diatrique (SMR) &#8211; anciennement soins de suite et de r\u00e9adaptation (SSR) &#8211; en Pays Basque.&nbsp;<\/p>\n\n\n\n<p>Depuis la cr\u00e9ation de Kusku, de nouveaux membres ont int\u00e9gr\u00e9 l&rsquo;association, qui compte \u00e0 ce jour 37 membres.<\/p>\n\n\n\n<p>Liste des membres du conseil d\u2019administration :&nbsp;<\/p>\n\n\n\n<ul class=\"wp-block-list\">\n<li>ELICHIRY Jean-Daniel : retrait\u00e9 et enseignant-consultant en action sociale<\/li>\n\n\n\n<li>ERRE\u00c7ARET Maddi : kin\u00e9sith\u00e9rapeute en neuro-p\u00e9diatrie. Pr\u00e9sidente de l&rsquo;association<\/li>\n\n\n\n<li>ERRE\u00c7ARET Peio : directeur d\u2019une \u00e9cole de langues<\/li>\n\n\n\n<li>HA\u00cf\u00c7AGUERRE Joana : kin\u00e9sith\u00e9rapeute en neuro-p\u00e9diatrie. Secr\u00e9taire de l&rsquo;association<\/li>\n\n\n\n<li>HIRIART Timoth\u00e9e : m\u00e9decin g\u00e9n\u00e9raliste. Tr\u00e9sorier de l&rsquo;association<\/li>\n\n\n\n<li>IZAL Arnaud : \u00e9ducateur sp\u00e9cialis\u00e9 &#8211; berger<\/li>\n\n\n\n<li>URRUTY Pantxika : retrait\u00e9e et enseignante en \u00e9cole d\u2019\u00e9ducateur sp\u00e9cialis\u00e9. Vice-pr\u00e9sidente de l&rsquo;association<\/li>\n\n\n\n<li>URSEI Monica : m\u00e9decin orthop\u00e9diste p\u00e9diatrique<\/li>\n<\/ul>\n","protected":false},"excerpt":{"rendered":"<p>Elle a \u00e9t\u00e9 cr\u00e9\u00e9e en 2021. Elle comptait initialement 12 membres. Kusku est une association qui entre dans le cadre des associations loi 1901, \u00e0 but non lucratif. Elle a pour objet la mise en place puis la gestion d\u2019un \u00e9tablissement de soins m\u00e9dicaux et de r\u00e9adaptation p\u00e9diatrique (SMR) &#8211; anciennement soins de suite et [&hellip;]<\/p>\n","protected":false},"author":1,"featured_media":0,"parent":0,"menu_order":0,"comment_status":"closed","ping_status":"closed","template":"","meta":{"footnotes":""},"class_list":["post-53","page","type-page","status-publish","hentry"],"_links":{"self":[{"href":"https:\/\/kusku.eu\/index.php\/wp-json\/wp\/v2\/pages\/53","targetHints":{"allow":["GET"]}}],"collection":[{"href":"https:\/\/kusku.eu\/index.php\/wp-json\/wp\/v2\/pages"}],"about":[{"href":"https:\/\/kusku.eu\/index.php\/wp-json\/wp\/v2\/types\/page"}],"author":[{"embeddable":true,"href":"https:\/\/kusku.eu\/index.php\/wp-json\/wp\/v2\/users\/1"}],"replies":[{"embeddable":true,"href":"https:\/\/kusku.eu\/index.php\/wp-json\/wp\/v2\/comments?post=53"}],"version-history":[{"count":4,"href":"https:\/\/kusku.eu\/index.php\/wp-json\/wp\/v2\/pages\/53\/revisions"}],"predecessor-version":[{"id":236,"href":"https:\/\/kusku.eu\/index.php\/wp-json\/wp\/v2\/pages\/53\/revisions\/236"}],"wp:attachment":[{"href":"https:\/\/kusku.eu\/index.php\/wp-json\/wp\/v2\/media?parent=53"}],"curies":[{"name":"wp","href":"https:\/\/api.w.org\/{rel}","templated":true}]}}